a multiple of 14?
True
Does 218 divide 10098998?
False
Is 143 a factor of 5714283?
False
Is 1097418 a multiple of 493?
True
Is 818 a factor of 8963735?
False
Does 34 divide 42026?
False
Is 82 a factor of 689866?
True
Does 9 divide 268247?
False
Is 116902 a multiple of 417?
False
Is 83 a factor of 625654?
True
Does 1414 divide 4885207?
False
Is 111667 a multiple of 32?
False
Does 8 divide 138261?
False
Does 83 divide 185636?
False
Does 77 divide 245440?
False
Is 53 a factor of 38882241?
False
Does 79 divide 859599?
True
Does 72 divide 1224072?
True
Does 26 divide 976326?
True
Is 14 a factor of 17545752?
True
Is 79 a factor of 1352077?
False
Is 117 a factor of 15612919?
False
Does 31 divide 16522856?
False
Is 21 a factor of 61069?
False
Does 17 divide 223051?
False
Is 1938625 a multiple of 125?
True
Is 24260 a multiple of 20?
True
Is 76 a factor of 3084635?
False
Is 30 a factor of 1651260?
True
Does 204 divide 619752?
True
Does 206 divide 898984?
True
Is 5 a factor of 1587380?
True
Is 11 a factor of 18315?
True
Is 323036 a multiple of 22?
False
Does 52 divide 109980?
True
Does 1022 divide 1830948?
False
Does 199 divide 418140?
False
Is 7 a factor of 37268?
True
Is 1677696 a multiple of 16?
True
Does 13 divide 1119495?
True
Is 16771553 a multiple of 661?
True
Is 6086300 a multiple of 4?
True
Is 19 a factor of 630154?
True
Is 40 a factor of 473693?
False
Does 352 divide 305888?
True
Is 37 a factor of 6702513?
True
Is 86 a factor of 4255452?
True
Is 125 a factor of 554307?
False
Does 26 divide 406302?
True
Does 18 divide 4680?
True
Does 6 divide 336915?
False
Is 194 a factor of 3429201?
False
Does 278 divide 1486188?
True
Does 25 divide 415500?
True
Is 131404 a multiple of 38?
True
Is 30 a factor of 80631?
False
Is 20 a factor of 1007437?
False
Is 2520907 a multiple of 245?
False
Does 3 divide 238119?
True
Is 6998896 a multiple of 404?
True
Is 219 a factor of 191844?
True
Is 294410 a multiple of 118?
True
Does 84 divide 154037?
False
Is 3830515 a multiple of 199?
False
Is 63 a factor of 1732500?
True
Does 5 divide 37312?
False
Does 12 divide 202284?
True
Does 235 divide 1635365?
True
Does 98 divide 83963?
False
Is 625925 a multiple of 13?
False
Is 154129 a multiple of 382?
False
Does 111 divide 7685972?
False
Is 14 a factor of 1636250?
True
Does 713 divide 480805?
False
Does 53 divide 2407835?
False
Is 1549 a factor of 15204984?
True
Is 800201 a multiple of 35?
False
Is 2 a factor of 222012?
True
Is 4 a factor of 147500?
True
Is 54 a factor of 375516?
True
Is 5339836 a multiple of 300?
False
Is 5564 a multiple of 81?
False
Is 14731217 a multiple of 9?
False
Does 715 divide 7556768?
False
Is 133 a factor of 162393?
True
Is 13 a factor of 6924?
False
Is 1841798 a multiple of 898?
True
Is 384324 a multiple of 61?
False
Is 86 a factor of 4891?
False
Is 810880 a multiple of 9?
False
Does 13 divide 32836112?
False
Is 503 a factor of 176050?
True
Does 71 divide 585893?
False
Is 80 a factor of 256320?
True
Is 37160 a multiple of 2?
True
Does 36 divide 199398?
False
Is 100856 a multiple of 14?
True
Does 12 divide 331495?
False
Does 11 divide 244816?
True
Is 4780028 a multiple of 22?
True
Is 51 a factor of 1374960?
True
Is 153 a factor of 342698?
False
Does 15 divide 121680?
True
Is 45083 a multiple of 2?
False
Does 258 divide 3874973?
False
Is 292 a factor of 98286?
False
Does 22 divide 2237070?
True
Does 1124 divide 13045124?
False
Does 87 divide 87087?
True
Does 267 divide 12067332?
True
Is 145 a factor of 197232?
False
Is 192 a factor of 227328?
True
Does 114 divide 371184?
True
Does 17 divide 391189?
False
Is 14 a factor of 227542?
True
Is 3180 a multiple of 15?
True
Is 151 a factor of 4623621?
False
Does 104 divide 334737?
False
Is 17 a factor of 1030727?
True
Does 2507 divide 27331998?
False
Is 617151 a multiple of 51?
True
Is 5238524 a multiple of 371?
False
Does 11 divide 332893?
True
Is 70 a factor of 292148?
False
Is 211 a factor of 3450995?
False
Is 14218722 a multiple of 18?
True
Is 136 a factor of 1296667?
False
Does 19 divide 1191186?
True
Is 413136 a multiple of 302?
True
Is 637388 a multiple of 2?
True
Is 97 a factor of 2213055?
True
Is 4216408 a multiple of 14?
True
Does 15 divide 108566?
False
Does 137 divide 312533?
False
Does 31 divide 45501?
False
Does 405 divide 210600?
True
Is 139834 even?
True
Does 719 divide 348932?
False
Is 97636 a multiple of 11?
True
Does 147 divide 237699?
True
Is 774700 a multiple of 122?
True
Is 40935 a multiple of 8?
False
Is 13202641 a multiple of 814?
False
Is 5009 a multiple of 8?
False
Is 47826 a multiple of 7?
False
Is 88397 a multiple of 165?
False
Does 9 divide 787545?
True
Is 13 a factor of 42065?
False
Is 20322060 a multiple of 74?
False
Is 1724118 a multiple of 13?
False
Is 403797 a multiple of 42?
False
Is 13 a factor of 42978?
True
Is 14685 even?
False
Is 38 a factor of 422522?
True
Does 13 divide 5708475?
False
Is 40514 a multiple of 124?
False
Is 75990 a multiple of 5?
True
Is 4 a factor of 75094?
False
Is 116 a factor of 27376?
True
Does 14 divide 624134?
True
Does 88 divide 549917?
False
Is 125 a factor of 153603?
False
Does 8 divide 815088?
True
Is 769269 a multiple of 56?
False
Is 482120 a multiple of 40?
True
Does 125 divide 62523?
False
Does 735 divide 10115082?
False
Is 9651704 a multiple of 531?
False
Is 2 a factor of 33788?
True
Does 67 divide 702160?
True
Does 330 divide 52470?
True
Is 259 a factor of 10905782?
False
Is 72 a factor of 25600497?
False
Is 30269 a multiple of 2?
False
Is 603 a factor of 190548?
True
Does 321 divide 8941134?
True
Does 12 divide 13970?
False
Does 10 divide 306900?
True
Does 18 divide 3138804?
True
Is 32 a factor of 39972?
False
Is 7 a factor of 31924?
False
Is 9794573 a multiple of 300?
False
Is 51 a factor of 165342?
True
Is 16138667 a multiple of 284?
False
Is 117 a factor of 2600442?
True
Is 702067 a multiple of 995?
False
Is 343 a factor of 454868?
False
Does 11 divide 91214?
False
Is 22 a factor of 2088891?
False
Is 70386 a multiple of 3?
True
Is 5 a factor of 344944?
False
Is 251 a factor of 509007?
False
Is 120516 a multiple of 166?
True
Is 43 a factor of 90730?
True
Does 21 divide 124811?
False
Is 58 a factor of 2552058?
True
Is 11867892 a multiple of 45?
False
Does 167 divide 5042064?
True
Is 5385900 a multiple of 650?
True
Is 1429386 a multiple of 28?
False
Does 170 divide 369991?
False
Is 100 a factor of 1413904?
False
Does 201 divide 914550?
True
Does 13 divide 72634?
False
Is 131314 a multiple of 6?
False
Does 23 divide 2790350?
False
Is 31 a factor of 145978?
False
Does 235 divide 7886130?
True
Is 994747 a multiple of 67?
False
Is 200700 a multiple of 80?
False
Is 40 a factor of 351080?
True
Is 541617 a multiple of 28?
False
Does 9 divide 73278?
True
Does 697 divide 650998?
True
Is 761216 a multiple of 32?
True
Does 51 divide 759849?
True
Is 3 a factor of 73555?
False
Is 58694 a multiple of 4?
False
Is 190025 a multiple of 5?
True
Is 4 a factor of 791084?
True
Does 56 divide 579096?
True
Is 4308 a multiple of 2?
True
Does 78 divide 1422252?
True
Does 12 divide 6287040?
True
Is 12 a factor of 8379?
False
Does 596 divide 28012?
True
Is 104 a factor of 1202318?
False
Is 2656928 a multiple of 79?
True
Does 363 divide 16926690?
True
Is 5 a factor of 211130?
True
Does 21 divide 926037?
True
Is 47565 a multiple of 63?
True
Is 19 a factor of 71915?
True
Is 74408 a multiple of 131?
True
Is 2276075 a multiple of 30?
False
Does 18 divide 9198?
True
Does 148 divide 1610327?
False
Is 270548 a multiple of 12?
False
Is 335212 a multiple of 362?
True
Does 1464 divide 9455976?
True
Does 45 divide 464985?
True
Is 87110 a multiple of 31?
True
Is 274 a factor of 391820?
True
Does 62 divide 36327?
False
Is 5 a factor of 21113?
False
Is 114570 a multiple of 285?
True
Is 3 a factor of 2147074?
False
Does 10 divide 35390?
True
Does 245 divide 116879?
False
Is 68743 a multiple of 74?
False
Is 123 a factor of 499?
False
Is 1335355 a multiple of 5?
True
Is 3352740 a multiple of 52?
False
Does 252 divide 1233599?
False
Does 19 divide 329023?
True
Is 208 a factor of 598001?
False
Is 11 a factor of 21934?
True
Is 335994 a multiple of 17?
False
Is 730 a factor of 3021736?
False
Is 1512043 a multiple of 299?
True
Does 266 divide 402724?
True
Does 52 divide 656968?
True
